nd 180479?
13
Calculate the highest common factor of 29420 and 3740.
20
What is the highest common factor of 21175 and 2057?
121
Calculate the greatest common divisor of 28 and 796334.
14
Calculate the highest common divisor of 30636 and 59385.
111
Calculate the highest common divisor of 10506 and 289.
17
Calculate the greatest common factor of 21504 and 3024.
336
Calculate the highest common divisor of 59311 and 74.
37
Calculate the greatest common factor of 2700 and 216360.
180
What is the highest common factor of 7622 and 1442?
206
Calculate the highest common factor of 56 and 23723.
7
Calculate the greatest common factor of 1325 and 2425.
25
Calculate the highest common divisor of 64308 and 4692.
276
What is the greatest common factor of 2985693 and 17?
17
Calculate the greatest common factor of 144 and 15210.
18
Calculate the highest common divisor of 5359 and 2563.
233
Calculate the highest common divisor of 4557 and 3381.
147
Calculate the highest common divisor of 93404 and 76.
76
What is the highest common factor of 332910 and 18?
18
What is the highest common factor of 21888 and 48096?
288
Calculate the highest common factor of 550 and 200.
50
What is the highest common factor of 22479 and 708?
177
Calculate the highest common divisor of 295840 and 172.
172
Calculate the highest common divisor of 150615 and 9.
9
What is the greatest common divisor of 2115 and 78015?
15
What is the highest common factor of 2274446 and 1442?
206
What is the greatest common factor of 900 and 236100?
300
What is the greatest common factor of 31150 and 7?
7
What is the greatest common factor of 8024 and 952?
136
Calculate the highest common factor of 76 and 2848.
4
What is the greatest common divisor of 4131 and 45917?
17
Calculate the greatest common factor of 4284 and 6678.
126
What is the greatest common divisor of 18890 and 250?
10
What is the highest common divisor of 96 and 1314?
6
What is the greatest common divisor of 1655114 and 5645?
1129
What is the highest common factor of 18104 and 186?
62
What is the highest common factor of 100 and 1096?
4
Calculate the highest common factor of 11537 and 30876.
83
Calculate the greatest common factor of 2808365 and 105.
35
Calculate the greatest common factor of 16821 and 5967.
27
What is the highest common divisor of 39462 and 8?
2
Calculate the highest common factor of 16523594 and 538.
538
What is the highest common factor of 2920 and 1?
1
Calculate the highest common divisor of 7585 and 1813.
37
What is the highest common divisor of 15950 and 350?
50
What is the highest common divisor of 72156 and 504?
84
What is the highest common divisor of 115656 and 24?
24
What is the greatest common divisor of 205694 and 76?
38
What is the highest common factor of 562 and 17141?
281
What is the highest common factor of 16180 and 20?
20
Calculate the greatest common divisor of 12 and 62204.
4
Calculate the highest common factor of 402450 and 150.
150
Calculate the greatest common factor of 27542 and 15822.
586
What is the greatest common factor of 3538 and 6122509?
1769
Calculate the highest common factor of 104 and 4914.
26
What is the highest common factor of 19 and 389899?
19
Calculate the greatest common divisor of 271859 and 33299.
497
Calculate the greatest common factor of 500 and 30275.
25
What is the greatest common divisor of 570 and 106134?
114
What is the highest common factor of 3212710 and 148?
74
Calculate the greatest common factor of 104 and 4693.
13
Calculate the highest common divisor of 90290 and 40.
10
What is the highest common divisor of 58333 and 121?
11
What is the greatest common factor of 63 and 58611?
21
What is the greatest common divisor of 232 and 676744?
232
Calculate the highest common factor of 56 and 8984.
8
Calculate the greatest common factor of 2669 and 425.
17
What is the greatest common factor of 94336 and 2211?
737
What is the highest common factor of 16110418 and 134?
134
What is the greatest common divisor of 146624 and 5568?
1856
What is the greatest common divisor of 307460 and 160?
20
Calculate the highest common divisor of 2 and 28962.
2
Calculate the greatest common divisor of 90117 and 3.
3
Calculate the greatest common factor of 198 and 414.
18
Calculate the highest common factor of 280994 and 28.
14
Calculate the greatest common factor of 1115775 and 950.
475
Calculate the highest common factor of 51373 and 7.
7
Calculate the greatest common divisor of 39950 and 20210.
470
Calculate the greatest common divisor of 1115457 and 84.
21
Calculate the highest common factor of 3805 and 15.
5
Calculate the highest common factor of 25025 and 4095.
455
What is the greatest common factor of 363943 and 3093?
1031
What is the highest common factor of 319 and 5771?
29
Calculate the highest common factor of 4840 and 12680.
40
Calculate the greatest common divisor of 343 and 383131.
343
Calculate the greatest common factor of 946 and 5786.
22
Calculate the greatest common divisor of 6204 and 4620.
132
Calculate the greatest common divisor of 204 and 447.
3
What is the greatest common factor of 246183 and 525?
21
What is the highest common divisor of 540 and 378?
54
What is the highest common divisor of 8850 and 90?
30
What is the highest common factor of 1376364 and 36?
12
What is the greatest common divisor of 196730 and 11330?
1030
What is the greatest common divisor of 44 and 54406?
22
Calculate the greatest common divisor of 19556 and 12.
4
What is the greatest common factor of 48 and 2691616?
16
What is the greatest common divisor of 707419 and 2362?
1181
What is the greatest common divisor of 184025 and 1299?
433
What is the greatest common factor of 1071 and 233240?
119
Calculate the greatest common divisor of 93 and 219201.
93
What is the greatest common divisor of 2152036 and 376?
188
Calculate the greatest common divisor of 5943 and 7.
7
Calculate the greatest common divisor of 2432 and 29384.
8
What is the greatest common factor of 10227819 and 574?
287
Calculate the greatest common divisor of 4002 and 577622.
1334
Calculate the highest common divisor of 1615 and 5415.
95
What is the greatest common factor of 268778 and 299?
23
What is the greatest common divisor of 2785 and 65?
5
What is the highest common divisor of 7636 and 249?
83
Calculate the highest common divisor of 26718 and 732.
366
Calculate the greatest common divisor of 689 and 15509.
13
Calculate the highest common divisor of 1197 and 639.
9
What is the greatest common divisor of 27200 and 2125?
425
Calculate the greatest common factor of 91916 and 374.
22
Calculate the greatest common factor of 48 and 7914.
6
What is the greatest common factor of 17952 and 18744?
264
What is the greatest common factor of 12 and 27308?
4
Calculate the greatest common divisor of 1056 and 8048.
16
Calculate the highest common divisor of 1318 and 164.
2
What is the greatest common divisor of 21141 and 48546?
783
What is the highest common factor of 32 and 1423616?
32
What is the highest common factor of 462054 and 18?
6
Calculate the highest common factor of 174 and 2361.
3
What is the highest common divisor of 14053 and 43381?
611
Calculate the highest common divisor of 258 and 516774.
258
Calculate the greatest common factor of 373408 and 504.
56
What is the highest common factor of 19 and 239742?
19
Calculate the highest common divisor of 91 and 147017.
13
Calculate the greatest common factor of 43620 and 60.
60
What is the greatest common divisor of 24 and 113304?
24
Calculate the highest common factor of 24375 and 55.
5
What is the highest common factor of 13 and 389441?
13
Calculate the highest common divisor of 26756 and 4.
4
What is the highest common divisor of 1056 and 53427?
33
Calculate the greatest common divisor of 3933 and 3807.
9
What is the greatest common factor of 370 and 21127?
37
Calculate the highest common factor of 35057 and 99.
11
Calculate the greatest common factor of 135228 and 9912.
708
Calculate the highest common divisor of 626 and 299854.
626
Calculate the highest common factor of 145 and 4031.
29
What is the greatest common factor of 25035 and 150?
15
Calculate the greatest common divisor of 119954 and 148.
74
What is the greatest common factor of 28 and 100552?
4
Calculate the highest com